{"id":158,"date":"2021-05-15T14:20:11","date_gmt":"2021-05-15T12:20:11","guid":{"rendered":"https:\/\/www.numberland.com\/navigator\/?page_id=158"},"modified":"2021-05-20T17:48:44","modified_gmt":"2021-05-20T15:48:44","slug":"navigieren-sie-zu-neuen-maerkten","status":"publish","type":"page","link":"https:\/\/www.numberland.com\/navigator\/","title":{"rendered":"Mit unseren Karten navigieren Sie zu neuen M\u00e4rkten"},"content":{"rendered":"\n<h2 class=\"wp-block-heading\">GESELLSCHAFTLICHER UND TECHNOLOGISCHER WANDEL ERFORDERN EINE NEUE MARKTSTRATEGIE<\/h2>\n\n\n\n<p>Wir leben &#8211; wieder mal &#8211; in einer Zeit des technologischen und gesellschaftlichen Umbruchs, der viele Bereiche der Wirtschaft und der Gesellschaft betrifft. Dieser Umbruch ist getrieben durch die Ver\u00e4nderungen, die in den Bereichen Energie, Mobilit\u00e4t, Klima, Umwelt, Gesundheit und Digitalisierung entweder bereits in vollem Gang oder noch geplant sind. Klassisches Business Development funktioniert aus diesem Grund f\u00fcr viele Bereiche der Wirtschaft nicht mehr oder nicht mehr so gut, weil es &#8222;noch mehr vom Gleichen&#8220; bedeutet. Klassisches Business Development zementiert also den Status Quo, und steht aus diesem Grund einer notwendigen Transformation vieler Unternehmen im Weg. In der Konsequenz muss man mindestens zweigleisig fahren: einerseits kurz- und mittelfristig das Business Development so weiter betreiben, wie man es kennt. Andererseits geht es darum, durch ein &#8222;New Business Development&#8220; daf\u00fcr zu sorgen, dass der Zweck des Unternehmens auch morgen noch vorhanden ist.&nbsp;<strong>Wir helfen Ihnen, dem technologischen Wandel zu begegnen<\/strong>.<\/p>\n\n\n\n<hr class=\"wp-block-separator\"\/>\n\n\n\n<h2 class=\"has-text-align-center wp-block-heading\">&#8222;Prozesse werden durch Zahlen beschrieben, aber Ideen durch Worte&#8220;<\/h2>\n\n\n\n<hr class=\"wp-block-separator\"\/>\n\n\n\n<figure class=\"wp-block-image size-large\"><img  title=\"\" loading=\"lazy\" decoding=\"async\" width=\"1024\" height=\"612\" src=\"https:\/\/www.numberland.com\/navigator\/wp-content\/uploads\/2021\/05\/opinion-1024x612.jpg\"  alt=\"opinion-1024x612 Mit unseren Karten navigieren Sie zu neuen M\u00e4rkten\"  class=\"wp-image-111\" srcset=\"https:\/\/www.numberland.com\/navigator\/wp-content\/uploads\/2021\/05\/opinion-1024x612.jpg 1024w, https:\/\/www.numberland.com\/navigator\/wp-content\/uploads\/2021\/05\/opinion-300x179.jpg 300w, https:\/\/www.numberland.com\/navigator\/wp-content\/uploads\/2021\/05\/opinion-768x459.jpg 768w, https:\/\/www.numberland.com\/navigator\/wp-content\/uploads\/2021\/05\/opinion-1536x918.jpg 1536w, https:\/\/www.numberland.com\/navigator\/wp-content\/uploads\/2021\/05\/opinion-421x252.jpg 421w, https:\/\/www.numberland.com\/navigator\/wp-content\/uploads\/2021\/05\/opinion.jpg 1920w\" sizes=\"auto, (max-width: 1024px) 100vw, 1024px\" \/><\/figure>\n\n\n<h2>Kundenaussagen<\/h2>\n<h4>&#8222;Wir verlieren immer mehr Auftr\u00e4ge, weil auch unsere Kunden weniger Auftr\u00e4ge haben&#8220;<\/h4>\n<h4>&#8222;Unser Markt ist v\u00f6llig im Umbruch, wir m\u00fcssen sehen, wen wir in Zukunft beliefern k\u00f6nnen&#8220;<\/h4>\n<h4>&#8222;Wir werden von Eink\u00e4ufern immer weiter im Preis gedr\u00fcckt, und k\u00f6nnen uns nicht wehren&#8220;<\/h4>\n<h4>&#8222;Wie erschlie\u00dfen wir Neugesch\u00e4ft? Wie schaffen wir den Markteinstieg?&#8220;<\/h4>\n<h4>&#8222;Ich habe die Firma als Nachfolger \u00fcbernommen, wei\u00df aber nicht, wohin ich expandieren sollte&#8220;<\/h4>\n\n\n<hr class=\"wp-block-separator\"\/>\n\n\n\n<figure class=\"wp-block-image size-large\"><img  title=\"\" loading=\"lazy\" decoding=\"async\" width=\"1024\" height=\"612\" src=\"https:\/\/www.numberland.com\/navigator\/wp-content\/uploads\/2021\/05\/bigdata-1024x612.jpg\"  alt=\"bigdata-1024x612 Mit unseren Karten navigieren Sie zu neuen M\u00e4rkten\"  class=\"wp-image-110\" srcset=\"https:\/\/www.numberland.com\/navigator\/wp-content\/uploads\/2021\/05\/bigdata-1024x612.jpg 1024w, https:\/\/www.numberland.com\/navigator\/wp-content\/uploads\/2021\/05\/bigdata-300x179.jpg 300w, https:\/\/www.numberland.com\/navigator\/wp-content\/uploads\/2021\/05\/bigdata-768x459.jpg 768w, https:\/\/www.numberland.com\/navigator\/wp-content\/uploads\/2021\/05\/bigdata-1536x918.jpg 1536w, https:\/\/www.numberland.com\/navigator\/wp-content\/uploads\/2021\/05\/bigdata-421x252.jpg 421w, https:\/\/www.numberland.com\/navigator\/wp-content\/uploads\/2021\/05\/bigdata.jpg 1920w\" sizes=\"auto, (max-width: 1024px) 100vw, 1024px\" \/><\/figure>\n\n\n<h2>Was SIE von UNS erwarten d\u00fcrfen<\/h2>\n<ul>\n<li>\n<h4>Wir erstellen durch Dokumentanalyse on demand thematische Karten, die alle M\u00e4rkte enthalten, in denen IHR WISSEN, IHRE FERTIGKEITEN und IHR EQUIPMENT gebraucht werden<\/h4>\n<\/li>\n<li>\n<h4>Wir haben Zugriff auf 450 Millionen Dokumente weltweit mit w\u00f6chentlichen Updates des Datenbestands<\/h4>\n<\/li>\n<li>\n<h4>Wir bieten Ihnen Analysen in unterschiedlichen Ausf\u00fchrungen an &#8211; von XXXS bis XXL; Analysen der Gr\u00f6\u00dfen XXXS bis XL erhalten Sie zum Festpreis<\/h4>\n<\/li>\n<li>\n<h4>Unser Ziel ist es, die Art und Weise, wie SIE Dokumente benutzen, um zu verstehen, wer SIE sind, und wer ANDERE sind, v\u00f6llig zu ver\u00e4ndern.<\/h4>\n<\/li>\n<\/ul>\n\n\n<hr class=\"wp-block-separator\"\/>\n\n\n\n<div class=\"wp-block-media-text alignwide is-stacked-on-mobile\"><figure class=\"wp-block-media-text__media\"><img  title=\"\" loading=\"lazy\" decoding=\"async\" width=\"1024\" height=\"612\" src=\"https:\/\/www.numberland.com\/navigator\/wp-content\/uploads\/2021\/05\/competence-1024x612.jpg\"  alt=\"competence-1024x612 Mit unseren Karten navigieren Sie zu neuen M\u00e4rkten\"  class=\"wp-image-109 size-full\" srcset=\"https:\/\/www.numberland.com\/navigator\/wp-content\/uploads\/2021\/05\/competence-1024x612.jpg 1024w, https:\/\/www.numberland.com\/navigator\/wp-content\/uploads\/2021\/05\/competence-300x179.jpg 300w, https:\/\/www.numberland.com\/navigator\/wp-content\/uploads\/2021\/05\/competence-768x459.jpg 768w, https:\/\/www.numberland.com\/navigator\/wp-content\/uploads\/2021\/05\/competence-1536x918.jpg 1536w, https:\/\/www.numberland.com\/navigator\/wp-content\/uploads\/2021\/05\/competence-421x252.jpg 421w, https:\/\/www.numberland.com\/navigator\/wp-content\/uploads\/2021\/05\/competence.jpg 1920w\" sizes=\"auto, (max-width: 1024px) 100vw, 1024px\" \/><\/figure><div class=\"wp-block-media-text__content\">\n<h3 class=\"wp-block-heading\">Kompetenzen z\u00e4hlen<\/h3>\n\n\n\n<p>Sie sind ein Unternehmen mit einer tollen Mannschaft, hervorragenden Kenntnissen und erstklassigen Fertigungsm\u00f6glichkeiten? Sie sind Zulieferer, Lohnfertiger, Start-Up, haben ein Unternehmen vor kurzem neu \u00fcbernommen oder ein neues Produkt entwickelt? Sie k\u00f6nnen was, aber ihre Auslastung k\u00f6nnte besser sein? Toll, dann haben wir genau die richtige L\u00f6sung f\u00fcr Sie!<\/p>\n<\/div><\/div>\n\n\n\n<hr class=\"wp-block-separator\"\/>\n\n\n\n<div class=\"wp-block-media-text alignwide has-media-on-the-right is-stacked-on-mobile\"><figure class=\"wp-block-media-text__media\"><img  title=\"\" loading=\"lazy\" decoding=\"async\" width=\"1024\" height=\"612\" src=\"https:\/\/www.numberland.com\/navigator\/wp-content\/uploads\/2021\/05\/production-1024x612.jpg\"  alt=\"production-1024x612 Mit unseren Karten navigieren Sie zu neuen M\u00e4rkten\"  class=\"wp-image-108 size-full\" srcset=\"https:\/\/www.numberland.com\/navigator\/wp-content\/uploads\/2021\/05\/production-1024x612.jpg 1024w, https:\/\/www.numberland.com\/navigator\/wp-content\/uploads\/2021\/05\/production-300x179.jpg 300w, https:\/\/www.numberland.com\/navigator\/wp-content\/uploads\/2021\/05\/production-768x459.jpg 768w, https:\/\/www.numberland.com\/navigator\/wp-content\/uploads\/2021\/05\/production-1536x918.jpg 1536w, https:\/\/www.numberland.com\/navigator\/wp-content\/uploads\/2021\/05\/production-421x252.jpg 421w, https:\/\/www.numberland.com\/navigator\/wp-content\/uploads\/2021\/05\/production.jpg 1920w\" sizes=\"auto, (max-width: 1024px) 100vw, 1024px\" \/><\/figure><div class=\"wp-block-media-text__content\">\n<h3 class=\"wp-block-heading\">Eigene Kapazit\u00e4ten f\u00fcllen<\/h3>\n\n\n\n<p>Sp\u00e4testens dann, wenn vorhandene Kapazit\u00e4ten ungenutzt bleiben, wird es Zeit, sich Gedanken \u00fcber ihre k\u00fcnftige Auslastung zu machen. Nat\u00fcrlich ist es m\u00f6glich, freie Kapazit\u00e4ten auf einem Markt anzubieten, weil Bedarf daf\u00fcr besteht. Ein Markt sorgt aber auch immer f\u00fcr Preisdruck. Sie dagegen wollen zwar faire, aber Kosten deckende Preise anbieten, was bei zu viel Konkurrenz nicht immer m\u00f6glich ist.<\/p>\n<\/div><\/div>\n\n\n\n<hr class=\"wp-block-separator\"\/>\n\n\n\n<div class=\"wp-block-media-text alignwide is-stacked-on-mobile\"><figure class=\"wp-block-media-text__media\"><img  title=\"\" loading=\"lazy\" decoding=\"async\" width=\"1024\" height=\"612\" src=\"https:\/\/www.numberland.com\/navigator\/wp-content\/uploads\/2021\/05\/market-fair-1024x612.jpg\"  alt=\"market-fair-1024x612 Mit unseren Karten navigieren Sie zu neuen M\u00e4rkten\"  class=\"wp-image-107 size-full\" srcset=\"https:\/\/www.numberland.com\/navigator\/wp-content\/uploads\/2021\/05\/market-fair-1024x612.jpg 1024w, https:\/\/www.numberland.com\/navigator\/wp-content\/uploads\/2021\/05\/market-fair-300x179.jpg 300w, https:\/\/www.numberland.com\/navigator\/wp-content\/uploads\/2021\/05\/market-fair-768x459.jpg 768w, https:\/\/www.numberland.com\/navigator\/wp-content\/uploads\/2021\/05\/market-fair-1536x918.jpg 1536w, https:\/\/www.numberland.com\/navigator\/wp-content\/uploads\/2021\/05\/market-fair-421x252.jpg 421w, https:\/\/www.numberland.com\/navigator\/wp-content\/uploads\/2021\/05\/market-fair.jpg 1920w\" sizes=\"auto, (max-width: 1024px) 100vw, 1024px\" \/><\/figure><div class=\"wp-block-media-text__content\">\n<h3 class=\"wp-block-heading\">Neue M\u00e4rkte finden<\/h3>\n\n\n\n<p>Wer sich auf den Weg zu neuen M\u00e4rkten begeben will, ben\u00f6tigt Karten, um den Weg dorthin zu finden. Business Navigator Publishing liefert Ihnen diese Karten. F\u00fcr ca. 250.000 M\u00e4rkte weltweit.<\/p>\n<\/div><\/div>\n\n\n\n<hr class=\"wp-block-separator\"\/>\n\n\n\n<div class=\"wp-block-media-text alignwide has-media-on-the-right is-stacked-on-mobile\"><figure class=\"wp-block-media-text__media\"><img  title=\"\" loading=\"lazy\" decoding=\"async\" width=\"1024\" height=\"612\" src=\"https:\/\/www.numberland.com\/navigator\/wp-content\/uploads\/2021\/05\/knowledge-1024x612.jpg\"  alt=\"knowledge-1024x612 Mit unseren Karten navigieren Sie zu neuen M\u00e4rkten\"  class=\"wp-image-106 size-full\" srcset=\"https:\/\/www.numberland.com\/navigator\/wp-content\/uploads\/2021\/05\/knowledge-1024x612.jpg 1024w, https:\/\/www.numberland.com\/navigator\/wp-content\/uploads\/2021\/05\/knowledge-300x179.jpg 300w, https:\/\/www.numberland.com\/navigator\/wp-content\/uploads\/2021\/05\/knowledge-768x459.jpg 768w, https:\/\/www.numberland.com\/navigator\/wp-content\/uploads\/2021\/05\/knowledge-1536x918.jpg 1536w, https:\/\/www.numberland.com\/navigator\/wp-content\/uploads\/2021\/05\/knowledge-421x252.jpg 421w, https:\/\/www.numberland.com\/navigator\/wp-content\/uploads\/2021\/05\/knowledge.jpg 1920w\" sizes=\"auto, (max-width: 1024px) 100vw, 1024px\" \/><\/figure><div class=\"wp-block-media-text__content\">\n<h3 class=\"wp-block-heading\">Weltweites Wissen<\/h3>\n\n\n\n<p>Inspiration f\u00fcr neue Ideen entstehen normalerweise aus Gespr\u00e4chen. Was, wenn die passenden Gespr\u00e4chspartner fehlen? Anstatt sich mit anderen Menschen zu unterhalten, lesen wir f\u00fcr Sie maschinell das, was Experten weltweit geschrieben haben. Auf diese Weise erhalten Sie das notwendige Expertenwissen f\u00fcr Ihre Entscheidungen.<\/p>\n<\/div><\/div>\n","protected":false},"excerpt":{"rendered":"<p>GESELLSCHAFTLICHER UND TECHNOLOGISCHER WANDEL ERFORDERN EINE NEUE MARKTSTRATEGIE Wir leben &#8211; wieder mal &#8211; in einer Zeit des technologischen und gesellschaftlichen Umbruchs, der viele Bereiche der Wirtschaft und der Gesellschaft betrifft. Dieser Umbruch ist getrieben durch die Ver\u00e4nderungen, die in den Bereichen Energie, Mobilit\u00e4t, Klima, Umwelt, Gesundheit und Digitalisierung entweder bereits in vollem Gang oder<span class=\"dots\"> &hellip; <\/span><span class=\"link-more\"><a href=\"https:\/\/www.numberland.com\/navigator\/\" class=\"more-link\">Read more <span class=\"screen-reader-text\">&#8222;Mit unseren Karten navigieren Sie zu neuen M\u00e4rkten&#8220;<\/span><\/a><\/span><\/p>\n","protected":false},"author":2,"featured_media":56,"parent":0,"menu_order":0,"comment_status":"closed","ping_status":"closed","template":"","meta":{"_acf_changed":false,"footnotes":""},"class_list":["post-158","page","type-page","status-publish","has-post-thumbnail","hentry"],"acf":[],"_links":{"self":[{"href":"https:\/\/www.numberland.com\/navigator\/wp-json\/wp\/v2\/pages\/158","targetHints":{"allow":["GET"]}}],"collection":[{"href":"https:\/\/www.numberland.com\/navigator\/wp-json\/wp\/v2\/pages"}],"about":[{"href":"https:\/\/www.numberland.com\/navigator\/wp-json\/wp\/v2\/types\/page"}],"author":[{"embeddable":true,"href":"https:\/\/www.numberland.com\/navigator\/wp-json\/wp\/v2\/users\/2"}],"replies":[{"embeddable":true,"href":"https:\/\/www.numberland.com\/navigator\/wp-json\/wp\/v2\/comments?post=158"}],"version-history":[{"count":0,"href":"https:\/\/www.numberland.com\/navigator\/wp-json\/wp\/v2\/pages\/158\/revisions"}],"wp:featuredmedia":[{"embeddable":true,"href":"https:\/\/www.numberland.com\/navigator\/wp-json\/wp\/v2\/media\/56"}],"wp:attachment":[{"href":"https:\/\/www.numberland.com\/navigator\/wp-json\/wp\/v2\/media?parent=158"}],"curies":[{"name":"wp","href":"https:\/\/api.w.org\/{rel}","templated":true}]}}